{"id":30,"date":"2026-03-13T16:34:35","date_gmt":"2026-03-13T15:34:35","guid":{"rendered":"https:\/\/bikipop.com.copyright.rip\/?post_type=product&#038;p=30"},"modified":"2026-03-13T18:21:05","modified_gmt":"2026-03-13T17:21:05","slug":"au-coeur-de-la-ste-victoire-lincontournable","status":"publish","type":"product","link":"https:\/\/bikipop.com.copyright.rip\/?product=au-coeur-de-la-ste-victoire-lincontournable","title":{"rendered":"\u00ab\u00a0Au c\u0153ur de la Ste Victoire\u00a0\u00bb\u00a0l\u2019incontournable\u00a0!"},"content":{"rendered":"<p><b>Environ 30 kms<\/b><\/p>\n<p><b>Facile\/moyen<\/b><\/p>\n<p><span style=\"font-size: large;\">P\u00e9dalez sans effort \u00e0 v\u00e9lo \u00e9lectrique dans la campagne aixoise avec un guide accompagnateur.<br \/>\nLes incontournables et les vues imprenables vous seront d\u00e9voil\u00e9s avec passion en 3h-3h30 environ.<\/span><\/p>\n<ul>\n<li><span style=\"font-size: large;\">La montagne Ste Victoire sous tous les angles \u2013 peinte plus de 80 fois par Paul C\u00e9zanne<\/span><\/li>\n<li><span style=\"font-size: large;\">Le barrage Bimont<\/span><\/li>\n<li><span style=\"font-size: large;\">Un accompagnateur sympa et passionn\u00e9<\/span><\/li>\n<li><span style=\"font-size: large;\">Une visite cool entre amis ou en famille<\/span><\/li>\n<li><span style=\"font-size: large;\">Prendre le temps de souffler dans un environnement exceptionnel\u00a0!<\/span><\/li>\n<\/ul>\n<h2 class=\"western\"><span style=\"color: #000000;\"><span style=\"font-family: Calibri, serif;\"><span style=\"font-size: large;\">D\u00e9couvrez la diversit\u00e9 des paysages avec notre tour \u00ab\u00a0Au c\u0153ur de la Ste Victoire \u00a0\u00bb !<\/span><\/span><\/span><\/h2>\n<p><span style=\"font-family: Times New Roman, serif;\"><span style=\"font-size: medium;\"><span style=\"font-family: Calibri, serif;\"><span style=\"font-size: large;\">Durant une demi-journ\u00e9e, vous p\u00e9dalerez avec aisance gr\u00e2ce \u00e0 nos v\u00e9los \u00e0 assistance \u00e9lectrique.<br \/>\nCourt briefing sur le maniement des v\u00e9los\u2026 et quelques \u00e9tirements\u00a0! C\u2019est parti casque sur la t\u00eate pour sortir de la ville et se retrouver en quelques minutes sous le charme d\u2019une petite route, peu fr\u00e9quent\u00e9e\u2026 Elle grimpe dans le quartier des Pinchinats qui abrite les plus belles anciennes demeures comme le Ch\u00e2teau de la Gaude, le Pavillon de l\u2019Enfant ou le Ch\u00e2teau de la Mignarde. <\/span><\/span><\/span><\/span><\/p>\n<p><span style=\"font-family: Times New Roman, serif;\"><span style=\"font-size: medium;\"><span style=\"font-family: Calibri, serif;\"><span style=\"font-size: large;\">Au c\u0153ur de la Ste Victoire, vous serez entour\u00e9 de toute la diversit\u00e9 de la v\u00e9g\u00e9tation\u2026. Le thym, le romarin, les pins, les all\u00e9es de Platane, les champs d\u2019oliviers\u2026 Avec toujours une vue imprenable sur la Ste Victoire.<\/span><\/span><\/span><\/span><\/p>\n<p><span style=\"color: #70ad47;\"><span style=\"font-size: large;\"><b>Bref, cette balade est incontournable car elle permet de d\u00e9couvrir une grande vari\u00e9t\u00e9 de paysages et des points de vue remarquables\u00a0!<\/b><\/span><\/span><\/p>\n<h2 class=\"western\"><span style=\"color: #000000;\"><span style=\"font-family: Calibri, serif;\"><span style=\"font-size: large;\"><b>Plus d\u2019informations<\/b><\/span><\/span><\/span><\/h2>\n<ul>\n<li><span style=\"font-family: Calibri Light, serif;\"><span style=\"font-size: large;\"><b>Inclus\u00a0: <\/b><\/span><\/span><span style=\"font-family: Calibri Light, serif;\"><span style=\"font-size: large;\">guide accompagnateur certifi\u00e9<\/span><\/span><\/li>\n<li><span style=\"font-family: Calibri Light, serif;\"><span style=\"font-size: large;\"><b>Non inclus <\/b><\/span><\/span>\n<ul>\n<li style=\"list-style-type: none;\">\n<ul>\n<li><span style=\"font-family: Calibri Light, serif;\"><span style=\"font-size: large;\">Location v\u00e9lo \u00e0 assistance \u00e9lectrique \u00e0 r\u00e9gler sur place \u00e0 la prise du v\u00e9lo<\/span><\/span><\/li>\n<li><span style=\"font-family: Calibri Light, serif;\"><span style=\"font-size: large;\">Assurance corporelle<\/span><\/span><\/li>\n<li><span style=\"font-family: Calibri Light, serif;\"><span style=\"font-size: large;\">Pourboires <\/span><\/span><\/li>\n<li><span style=\"font-family: Calibri Light, serif;\"><span style=\"font-size: large;\">Achats divers<\/span><\/span><\/li>\n<\/ul>\n<\/li>\n<\/ul>\n<\/li>\n<li><span style=\"font-family: Calibri Light, serif;\"><span style=\"font-size: large;\"><b>Dur\u00e9e <\/b><\/span><\/span><span style=\"font-family: Calibri Light, serif;\"><span style=\"font-size: large;\">3h\/3h30<\/span><\/span><\/li>\n<li><span style=\"font-family: Calibri Light, serif;\"><span style=\"font-size: large;\"><b>Tenue recommand\u00e9e\u00a0: <\/b><\/span><\/span><span style=\"font-family: Calibri Light, serif;\"><span style=\"font-size: large;\">Chaussures plates et ferm\u00e9e, de pr\u00e9f\u00e9rence des baskets, des v\u00eatements pas trop serr\u00e9s\u00a0! dans lesquels vous \u00eates \u00e0 l\u2019aise\u2026<\/span><\/span><b> <\/b><span style=\"font-family: Calibri Light, serif;\"><span style=\"font-size: large;\">Le v\u00e9lo en Provence se pratique toute l\u2019ann\u00e9e, il faut juste anticiper en superposant des couches et parfois si le mistral souffle pr\u00e9voir un coupe-vent\u00a0!<\/span><\/span><\/li>\n<li><span style=\"font-family: Calibri Light, serif;\"><span style=\"font-size: large;\"><b>Participants\u00a0<\/b><\/span><\/span><span style=\"font-family: Calibri Light, serif;\"><span style=\"font-size: large;\">: maximum 8 personnes par balade. <\/span><\/span><\/li>\n<\/ul>\n<p><span style=\"font-family: Calibri Light, serif;\"><span style=\"font-size: large;\">Possible pour des groupes plus importants sur demande au 06 23 01 74 94 ou hello@bikipop.com<\/span><\/span><\/p>\n<ul>\n<li><span style=\"font-family: Calibri Light, serif;\"><span style=\"font-size: large;\"><b>Exigences<\/b><\/span><\/span><span style=\"font-family: Calibri Light, serif;\"><span style=\"font-size: large;\">\u00a0: A partir de 13 ans. Minimum 1,60 m. Savoir faire du v\u00e9lo. <\/span><\/span><\/li>\n<\/ul>\n","protected":false},"excerpt":{"rendered":"<p><span style=\"font-size: large;\">P\u00e9dalez sans effort \u00e0 v\u00e9lo \u00e9lectrique dans la campagne aixoise avec un guide accompagnateur.<br \/>\nLes incontournables et les vues imprenables vous seront d\u00e9voil\u00e9s avec passion en 3h-3h30 environ.<\/span><\/p>\n<p><strong>\u26a0\ufe0f Informations importantes<\/strong><\/p>\n<ul>\n<li><strong><strong>Taille minimum : 1m60<\/strong><\/strong><strong>La location du v\u00e9lo se fait avec le loueur, pr\u00e9voir 40\u20ac de location de v\u00e9lo.<\/strong><\/li>\n<\/ul>\n","protected":false},"featured_media":31,"template":"","meta":[],"product_brand":[],"product_cat":[18],"product_tag":[],"class_list":{"0":"post-30","1":"product","2":"type-product","3":"status-publish","4":"has-post-thumbnail","6":"product_cat-ballade","8":"first","9":"instock","10":"shipping-taxable","11":"purchasable","12":"product-type-simple"},"_links":{"self":[{"href":"https:\/\/bikipop.com.copyright.rip\/index.php?rest_route=\/wp\/v2\/product\/30","targetHints":{"allow":["GET"]}}],"collection":[{"href":"https:\/\/bikipop.com.copyright.rip\/index.php?rest_route=\/wp\/v2\/product"}],"about":[{"href":"https:\/\/bikipop.com.copyright.rip\/index.php?rest_route=\/wp\/v2\/types\/product"}],"wp:featuredmedia":[{"embeddable":true,"href":"https:\/\/bikipop.com.copyright.rip\/index.php?rest_route=\/wp\/v2\/media\/31"}],"wp:attachment":[{"href":"https:\/\/bikipop.com.copyright.rip\/index.php?rest_route=%2Fwp%2Fv2%2Fmedia&parent=30"}],"wp:term":[{"taxonomy":"product_brand","embeddable":true,"href":"https:\/\/bikipop.com.copyright.rip\/index.php?rest_route=%2Fwp%2Fv2%2Fproduct_brand&post=30"},{"taxonomy":"product_cat","embeddable":true,"href":"https:\/\/bikipop.com.copyright.rip\/index.php?rest_route=%2Fwp%2Fv2%2Fproduct_cat&post=30"},{"taxonomy":"product_tag","embeddable":true,"href":"https:\/\/bikipop.com.copyright.rip\/index.php?rest_route=%2Fwp%2Fv2%2Fproduct_tag&post=30"}],"curies":[{"name":"wp","href":"https:\/\/api.w.org\/{rel}","templated":true}]}}

« Au cœur de la Ste Victoire » l’incontournable !

<p><b>Environ 30 kms</b></p>
<p><b>Facile/moyen</b></p>
<p><span style="font-size: large;">Pédalez sans effort à vélo électrique dans la campagne aixoise avec un guide accompagnateur.<br />
Les incontournables et les vues imprenables vous seront dévoilés avec passion en 3h-3h30 environ.</span></p>
<ul>
<li><span style="font-size: large;">La montagne Ste Victoire sous tous les angles – peinte plus de 80 fois par Paul Cézanne</span></li>
<li><span style="font-size: large;">Le barrage Bimont</span></li>
<li><span style="font-size: large;">Un accompagnateur sympa et passionné</span></li>
<li><span style="font-size: large;">Une visite cool entre amis ou en famille</span></li>
<li><span style="font-size: large;">Prendre le temps de souffler dans un environnement exceptionnel !</span></li>
</ul>
<h2 class="western"><span style="color: #000000;"><span style="font-family: Calibri, serif;"><span style="font-size: large;">Découvrez la diversité des paysages avec notre tour « Au cœur de la Ste Victoire  » !</span></span></span></h2>
<p><span style="font-family: Times New Roman, serif;"><span style="font-size: medium;"><span style="font-family: Calibri, serif;"><span style="font-size: large;">Durant une demi-journée, vous pédalerez avec aisance grâce à nos vélos à assistance électrique.<br />
Court briefing sur le maniement des vélos… et quelques étirements ! C’est parti casque sur la tête pour sortir de la ville et se retrouver en quelques minutes sous le charme d’une petite route, peu fréquentée… Elle grimpe dans le quartier des Pinchinats qui abrite les plus belles anciennes demeures comme le Château de la Gaude, le Pavillon de l’Enfant ou le Château de la Mignarde. </span></span></span></span></p>
<p><span style="font-family: Times New Roman, serif;"><span style="font-size: medium;"><span style="font-family: Calibri, serif;"><span style="font-size: large;">Au cœur de la Ste Victoire, vous serez entouré de toute la diversité de la végétation…. Le thym, le romarin, les pins, les allées de Platane, les champs d’oliviers… Avec toujours une vue imprenable sur la Ste Victoire.</span></span></span></span></p>
<p><span style="color: #70ad47;"><span style="font-size: large;"><b>Bref, cette balade est incontournable car elle permet de découvrir une grande variété de paysages et des points de vue remarquables !</b></span></span></p>
<h2 class="western"><span style="color: #000000;"><span style="font-family: Calibri, serif;"><span style="font-size: large;"><b>Plus d’informations</b></span></span></span></h2>
<ul>
<li><span style="font-family: Calibri Light, serif;"><span style="font-size: large;"><b>Inclus : </b></span></span><span style="font-family: Calibri Light, serif;"><span style="font-size: large;">guide accompagnateur certifié</span></span></li>
<li><span style="font-family: Calibri Light, serif;"><span style="font-size: large;"><b>Non inclus </b></span></span>
<ul>
<li style="list-style-type: none;">
<ul>
<li><span style="font-family: Calibri Light, serif;"><span style="font-size: large;">Location vélo à assistance électrique à régler sur place à la prise du vélo</span></span></li>
<li><span style="font-family: Calibri Light, serif;"><span style="font-size: large;">Assurance corporelle</span></span></li>
<li><span style="font-family: Calibri Light, serif;"><span style="font-size: large;">Pourboires </span></span></li>
<li><span style="font-family: Calibri Light, serif;"><span style="font-size: large;">Achats divers</span></span></li>
</ul>
</li>
</ul>
</li>
<li><span style="font-family: Calibri Light, serif;"><span style="font-size: large;"><b>Durée </b></span></span><span style="font-family: Calibri Light, serif;"><span style="font-size: large;">3h/3h30</span></span></li>
<li><span style="font-family: Calibri Light, serif;"><span style="font-size: large;"><b>Tenue recommandée : </b></span></span><span style="font-family: Calibri Light, serif;"><span style="font-size: large;">Chaussures plates et fermée, de préférence des baskets, des vêtements pas trop serrés ! dans lesquels vous êtes à l’aise…</span></span><b> </b><span style="font-family: Calibri Light, serif;"><span style="font-size: large;">Le vélo en Provence se pratique toute l’année, il faut juste anticiper en superposant des couches et parfois si le mistral souffle prévoir un coupe-vent !</span></span></li>
<li><span style="font-family: Calibri Light, serif;"><span style="font-size: large;"><b>Participants </b></span></span><span style="font-family: Calibri Light, serif;"><span style="font-size: large;">: maximum 8 personnes par balade. </span></span></li>
</ul>
<p><span style="font-family: Calibri Light, serif;"><span style="font-size: large;">Possible pour des groupes plus importants sur demande au 06 23 01 74 94 ou hello@bikipop.com</span></span></p>
<ul>
<li><span style="font-family: Calibri Light, serif;"><span style="font-size: large;"><b>Exigences</b></span></span><span style="font-family: Calibri Light, serif;"><span style="font-size: large;"> : A partir de 13 ans. Minimum 1,60 m. Savoir faire du vélo. </span></span></li>
</ul>

<p><span style="font-size: large;">Pédalez sans effort à vélo électrique dans la campagne aixoise avec un guide accompagnateur.<br />
Les incontournables et les vues imprenables vous seront dévoilés avec passion en 3h-3h30 environ.</span></p>
<p><strong>⚠️ Informations importantes</strong></p>
<ul>
<li><strong><strong>Taille minimum : 1m60</strong></strong><strong>La location du vélo se fait avec le loueur, prévoir 40€ de location de vélo.</strong></li>
</ul>
